i) be the third derivative of -i**5/60 + i**4/4 + 7*i**3/6 - 153*i**2 + 2*i. Let k = 9 + -4. Determine c(k).
12
Let l(o) = o + 1. Let b(h) = -8*h**3 + h**2 + 4*h + 3. Let u(z) = z**2 - 2*z + 2. Let q be u(2). Let x(g) = q*l(g) - b(g). Let j = -16 + 15. Give x(j).
-8
Let p(r) = r**3 - 6*r**2 - 9*r + 54. Let d be 81/18 - 21/(-14). Calculate p(d).
0
Suppose -24*g + 82 = 10. Let k(o) = 2 - 3*o + 0 + o. What is k(g)?
-4
Suppose f + 5*k = 20, 16 = 12*f - 8*f + 4*k. Let z(t) = -t**3 + t**2 + 1. Let y(i) = i - 17. Let h(g) = -y(g) - z(g). Give h(f).
16
Suppose -4*q + 0*q - 2*z = -20, 0 = z - 2. Let t(h) = 10*h**2 - h**3 + 62*h + 69*h - 139*h - q. Determine t(9).
5
Let r(h) = h - 13 + 2*h - h + h. Suppose -55*g = 16*g - 123 - 516. Calculate r(g).
14
Let j(o) be the second derivative of -2*o**3/3 - 31*o**2/2 - 5*o - 32. What is j(0)?
-31
Let d(a) = 2284 - 4620 - 3*a + 2370. What is d(6)?
16
Let d(l) = l**2 + 16*l + 37. Let q be 115/(-46)*(-1)/(-10)*(-13 - -65). Give d(q).
-2
Let j(p) = -p**2 + 5*p + 3. Suppose -31*f + 3 = -30*f. Suppose 1 = f*d - 17. Give j(d).
-3
Let z(l) = l**2 - 10*l + 19. Let u be z(8). Suppose 0 = u*i - 23 + 2. Let a be i/3 - 4/(-6). Let y(s) = -3*s**2 + 2*s + 2. What is y(a)?
-19
Let r be 63/(-3) + 4/(-2). Let m = 29 + r. Let z(g) = -g**3 + 5*g**2 + 5*g + 3. Calculate z(m).
-3
Let t = 354 - 338. Let b(a) = -a**3 - 13*a**2 - 19*a + 11. Let l(g) = 5*g**3 + 51*g**2 + 77*g - 43. Let j(i) = -9*b(i) - 2*l(i). Determine j(t).
3
Let u be 2*(-6 + (-56)/(-8) + -3). Let b(l) = 6 + l**3 + 10*l**2 + 8*l + 4*l - 13*l**2 + 9*l**2. Give b(u).
-10
Let m(h) = 8*h**3 + 38*h**2 + 14*h - 238. Let n(o) = 3*o**3 + 13*o**2 + 5*o - 86. Let s(w) = 4*m(w) - 11*n(w). Give s(9).
3
Let o(n) = -n - 12. Let a be o(-15). Let f(m) = m**2 + 5*m + 7. Let r be f(-4). Let i(u) = 16*u + r - 11*u - 7. Calculate i(a).
11
Suppose 40*g = 41*g + 2*q - 3, -1 = 4*g - 5*q. Let r(l) be the first derivative of 1/2*l**2 - g - 3*l. Calculate r(0).
-3
Suppose -2*b - 278 - 2 = -4*h, 15 = 3*h. Let i = b + 132. Let t(q) = -q + 7*q + 1 - 4 - i*q. Calculate t(-6).
-27
Let p(r) = -16*r**2 + 10*r + 6. Let s(g) = -g**2 + 3*g + 0*g**2 + 2 + 0*g**2 - 4*g**2. Let a(l) = 2*p(l) - 7*s(l). Let y = 573 - 571. Calculate a(y).
8
Suppose 4*z = -4*h + 3*z + 20, 0 = -4*h + 4*z + 40. Let f(s) = -7*s**2 - 8*s + 4*s**3 - 3*s**3 + h - s**3 - s**3. Suppose 23*a + 66*a = -534. Give f(a).
18
Let z(y) be the first derivative of 1/3*y**3 + 0*y**2 - 6*y + 2. Let o be 0*(6 - (-128)/(-20))*(-11 - (-119)/14). What is z(o)?
-6
Let c(t) = t**3 + t**2 - 5. Let x = 17 - 46. Suppose -4*i - 5*g = 84 + 17, 3*i - 2*g + 93 = 0. Let v = i - x. What is c(v)?
-5
Let r(z) be the third derivative of z**5/60 + 5*z**4/12 + 2*z**3 + z**2. Let x = -37723 + 37716. Calculate r(x).
-9
Let w(i) = -3*i**2 + 27*i - 11. Let m(p) = 3*p**2 - 14*p + 6. Let x(f) = 7*m(f) + 3*w(f). Let r(z) = -4*z**2 + 6*z - 3. Let o(d) = 11*r(d) + 4*x(d). Give o(2).
15
Let r(v) = -20*v - v**2 + 80*v + 9 - 18*v - 22*v + 0*v**2. Give r(18).
45
Let m(o) = 4*o**2 + o + 3. Let j(z) = -7*z**2 - 2*z - 7. Let l(b) = 3*j(b) + 5*m(b). Suppose -2*q + 108 = -45*q + 108. Determine l(q).
-6
Let n(r) be the second derivative of r**5/20 - r**4/2 - 17*r**3/6 - r**2/2 - 1570*r. What is n(8)?
-9
Let d(b) = -134 - 26*b + 106*b + 453 + 163. Determine d(-6).
2
Let z(r) be the third derivative of -19*r**4/24 + 5*r**3/6 - 296*r**2. Let q(i) = 4*i. Let w(n) = -6*q(n) - z(n). What is w(-3)?
10
Let u(d) = 4*d - 422. Let h(f) = 2*f - 135. Let v(t) = 13*h(t) - 4*u(t). Calculate v(6).
-7
Let p(c) = c**3 - 12*c**2 + 1. Let v = -5238 + 5250. What is p(v)?
1
Let a(v) = -v - 1. Let i = -171 + 194. Let d(c) = -18*c + 418. Let p be d(i). Determine a(p).
-5
Let y(z) be the third derivative of 8*z**5/15 + z**4/12 - z**3/6 + 37*z**2 + 18*z. What is y(1)?
33
Let v(u) be the first derivative of -u**3/3 - 3*u**2 + 22*u + 436. Calculate v(-9).
-5
Let c be (8 - 550/70)*(-2 - -9). Let l(y) = y**3 + y**2 + y - 3. What is l(c)?
0
Let l(z) = z + 14. Let k be (1 + 1 + (-42)/28)*-16. Let p(n) = 12*n + 96. Let j be p(k). Calculate l(j).
14
Let b = -1197 - -1200. Let t(l) = -37*l**2 + b + 9*l**3 - 8*l**3 + 30*l**2 + 4*l + 2*l. Suppose 18 = -3*d + 6*d. What is t(d)?
3
Let s(d) = 2*d**3 - 6*d**2 - 10*d + 22. Suppose 127*p - 131*p + c + 25 = 0, 2*c + 20 = 2*p. Determine s(p).
72
Suppose -5*n + 5*p - 81 = p, 0 = 4*n + 4*p + 36. Let h be 15/(1560/16) + (-115)/n. Let m(v) = v**2 - 9*v - 3. Give m(h).
-3
Let d(g) = -g**3 - 7*g**2 + 3*g + 3. Suppose 10*p = 169 + 1181. Let r = -142 + p. What is d(r)?
-18
Let l(q) = -q + 6. Let d = 98 + -50. Suppose -20*r = -24*r + d. Suppose 0*t + 2*t - 2*i = r, 5*t = 3*i + 30. Calculate l(t).
0
Let c(d) = 19*d**3 + 2*d**2 - 1. Let n(r) be the first derivative of 49*r + 19*r**2 + 27 + 18*r**2 - 35*r**2. Let f be n(-12). What is c(f)?
20
Let l(c) = 3*c**2 + 12*c - 14. Let n(a) = 3*a**2 + 6*a - 6. Let o(z) = -2*z**2. Let i(w) = -n(w) - o(w). Let p(r) = -5*i(r) - 2*l(r). Determine p(3).
7
Let u be -3*(4 - (-30)/(-9) - -3). Let k(o) = -2*o**2 - 22*o + 11. Give k(u).
11
Let j(h) = 4 - 8*h**2 + 2*h**2 + 2*h - 2*h**3 + 3*h**3. Let l(x) be the third derivative of 11*x**4/24 - 17*x**3/2 + 48*x**2. Let r be l(5). Calculate j(r).
-20
Let k = -2325 - -3829. Let b(m) = 752*m + 749*m + 13 - k*m. Give b(-10).
43
Suppose 46*r + 235 + 4 + 175 = 0. Let i(m) = 2*m**2 + 13*m - 3. Give i(r).
42
Let k(a) = -2476*a + 66858. Let w be k(27). Let d(f) be the first derivative of 3*f**2/2 - 17*f - 1. Give d(w).
1
Let w(z) = -11*z. Let t = -1 + 4. Suppose -98 = 7*j - 0*j. Let m be (j/(-8) - t/(-12))/(-2). What is w(m)?
11
Let u = 31 + -22. Suppose 67 = -u*d + 247. Suppose d = -11*a + 16*a. Let g(f) = -f**2 + 6*f - 4. What is g(a)?
4
Let v(x) be the third derivative of x**4/8 + 23*x**3/3 + 651*x**2. Calculate v(-15).
1
Let n(o) be the third derivative of o**6/40 + 11*o**5/30 + o**4/3 + 3*o**3/2 - 81*o**2 - 16. What is n(-7)?
2
Let y(h) = -h**2 + 15*h - 7. Let k be y(15). Let c(q) = -10 - 3*q - 4 - 19 + 6. Let b be c(k). Let p(z) = z**3 + 6*z**2 - z + 5. Give p(b).
11
Suppose 0 = -5*w + 15 + 5. Suppose 2*i = j + 4, 3*j = 2*i - 0 - w. Let l(z) = -4 + 0 - 5 - 1 - i*z. What is l(-7)?
4
Let t be (2/4)/(3/(-6))*90. Let w = -46 - t. Let z be 242/w - 1/2. Let o(j) = j**3 - 6*j**2 + 3*j - 3. Give o(z).
-13
Let y be (14/21)/(-10 - 87/(-9)). Let g(b) = -3*b**2 - 4*b - 4. What is g(y)?
-8
Let b(c) = 5691*c + 6 - 2 - c**3 + 5689*c - 5 - 11377*c. Let m(q) = -q**3 + 2*q**2 + q. Let a = 0 + 2. Let j be m(a). Give b(j).
-3
Let s(z) = -14*z + 2. Suppose -x - 12 = -7*l + 2*l, 0 = 4*l + 2*x - 4. Suppose 0 = 2*n - n - 4*g - 8, 8 = n + l*g. Suppose 0*q = -n*q - 16. What is s(q)?
30
Let w(q) = q**2 + q - 18. Let o = -96 + 64. Let j be (-44)/(-5)*(-80)/o. Let n = 22 - j. Calculate w(n).
-18
Let i(d) = -d**2 + 5*d - 4. Let u(b) = -b**2 + 4*b - 4. Let l(o) = 3*i(o) - 2*u(o). Suppose 4 = 161*q - 159*q. Let f be (-63 - -64)/(0 + q/10). Calculate l(f).
6
Suppose -3*d - 43 = 4*i, -29 = -11*d + 16*d - 4*i. Let h be 1*5*(-64)/(-40). Let c(k) = 0*k**3 + k - 3*k**2 - k**3 + 7 - h*k**2 + 2*k**2. What is c(d)?
-2
Let m(a) be the third derivative of -a**5/60 - a**4/12 - 5*a**3/6 - a**2. Suppose -274345*w = -274273*w. Determine m(w).
-5
Suppose 2*k - 2*g = -27 + 11, 4*g = k + 26. Let z(p) = -17*p**2 - 36*p - 5. Give z(k).
-1
Let z be (114/10)/(-3) - 25/125. Let w(s) = 23*s**3 - 7*s**3 + 3*s - 5 - 3*s**2 - 17*s**3. What is w(z)?
-1
Let w = 434 + -431. Let j(x) = w*x + 5*x**3 + 82*x**2 + 2 - 2*x - 85*x**2. What is j(2)?
32
Let j(k) = -k**3 - 4*k**2 - 2*k - 2. Suppose 18*b + 300 = 38*b. Suppose -b*y + 36 = 111. Calculate j(y).
33
Let b(s) be the third derivative of -s**6/120 - s**5/12 + s**4/12 + s**3/3 + 2*s**2 - 5*s. Let v be 1/(-4) + 15/60. Let j be 10*(v - -4)/(-8). Calculate b(j).
-8
Let u(i) be the first derivative of -i**4/4 + 10*i**3/3 + 11*i**2/2 - 4*i - 955. What is u(11)?
-4
Let i(o) be the first derivative of o**4/4 + 2*o**3 - o**2 + o + 1270. Give i(-6).
13
Let y(p) = -2*p - 5. Let t(b) = b**2 + 42*b + 419. Let i be t(-16). Let h = 11 + -8. Suppose -x = -s - 2, 2*s - h*x + 4 = i. Give y(s).
5
Suppose 0 = 25561*l - 25544*l - 51. Let f(b) be the second derivative of b**2/2 - b. Let g(n) = -5*n - 6. Let y(k) = 2*f(k) + g(k). Determine y(l).